 - 2*w**5/15 + w**4/4 + 7*w**3/6 + 3*w**2. Let m be f(-9). Let z = m + -8. What are the prime factors of z?
2, 13
Suppose 0 = 14*z - 9*z - 15. Suppose q = -z*q + 24. Suppose j + q = 18. What are the prime factors of j?
2, 3
Suppose 4*f = 3*j + 187, -4*j - 52 - 180 = -f. Let z = j - -80. Suppose -z = -0*v - v. What are the prime factors of v?
23
Let p = 217 - -235. List the prime factors of p.
2, 113
Let l(n) = n**3 + 10*n**2 - 14*n - 20. Let b(k) = k**2 - 11*k - 21. Let h be b(12). List the prime factors of l(h).
11, 17
Let k(m) = 3 + 1 + 9*m + 0 - 54*m. List the prime factors of k(-2).
2, 47
Suppose -3*n + 2*y + 682 = -2*n, -n + 670 = 4*y. List the prime factors of n.
2, 3, 113
Suppose -i + 129 = -60. List the prime factors of i.
3, 7
Let q = 69 - 43. Suppose -t = -0*t - q. Let c = t - 10. What are the prime factors of c?
2
Let i(q) = 3*q**3 - 10*q**2 - 5*q. Let a(j) = -j**3 + 3*j**2 + 2*j. Let u(r) = 11*a(r) + 4*i(r). Let d be u(6). List the prime factors of (-260)/d - (-4)/24.
11
Suppose 0 = -5*h + 6 - 11, -3*h = -o + 390. List the prime factors of o.
3, 43
Let f(m) be the third derivative of -m**6/120 + 7*m**5/60 - m**4/6 - 2*m**3/3 + m**2. Suppose -3*j + 5*j - 8 = 0. What are the prime factors of f(j)?
2, 7
Let y(k) = 27*k**2 - 7*k + 25. List the prime factors of y(6).
5, 191
Suppose -n + 4*c + 143 = -271, 8 = -2*c. List the prime factors of n.
2, 199
Let o(r) = 2*r**2 - 4*r + 9. List the prime factors of o(-13).
3, 7, 19
Suppose 5*o = -o + 1458. Suppose -4*m = -7*m - o. List the prime factors of (4/6)/((-2)/m).
3
List the prime factors of 4/(4 - -4)*786.
3, 131
Let h = -151 - -159. Suppose -3*a + 67 + h = 0. List the prime factors of a.
5
Let q(h) = -h**3 - 6*h**2 - 5*h + 4. Suppose 0 = n - 2 + 7. Let l be q(n). Suppose x + l*x = 85. List the prime factors of x.
17
Let m be 18/(-117) - 576/(-26). Suppose 5*v + 8 = -m. List the prime factors of 2/v + 711/27.
2, 13
Let g(l) = 8*l**2 - 4*l + 10. Let u = -11 + 15. List the prime factors of g(u).
2, 61
Let q = 48 + -26. Let m be (-4)/q + 26/22. Suppose -2*r + y + 68 = 0, -r + m = -y - 35. List the prime factors of r.
2
Let p(s) be the first derivative of -15*s**2 - 22*s - 43. List the prime factors of p(-6).
2, 79
Suppose -w + 40 + 49 = 0. Suppose 4*o - 2*o + 3*n - 21 = 0, -o + n + 18 = 0. Suppose -o + w = 2*k. List the prime factors of k.
37
What are the prime factors of 398*3/(30/5)?
199
Suppose -9*s = 104 - 14. List the prime factors of ((-26)/s)/((-2)/(-110)).
11, 13
Suppose 243*z + 29248 = 251*z. What are the prime factors of z?
2, 457
Let g be (-2 + 2)/(4/(-16)*-4). Suppose t - 5*o - 18 = 0, 4*o - 1 = 3*t - 0*t. Let m = g - t. What are the prime factors of m?
7
Let c(y) = 2*y - 10. Let b be c(6). Suppose -2*d + d + b = 0. What are the prime factors of d?
2
Let b be -1*110*(-10)/4. Let k = -84 + b. List the prime factors of k.
191
What are the prime factors of 922/1 + (-1 - (3 + -1))?
919
Suppose 3*b = -4*x + 80, 3*b - 3*x + 0*x - 87 = 0. Let s = b + 202. List the prime factors of s.
2, 5, 23
What are the prime factors of -5 - (-2)/(-4)*(-1550 - 24)?
2, 17, 23
Let n(w) = 2*w**3 - 7*w**2 - 7*w - 76. Suppose 3*z = 5*z + 8. Let h(y) = -y**3 + 4*y**2 + 4*y + 38. Let t(r) = z*n(r) - 7*h(r). List the prime factors of t(0).
2, 19
Suppose -4*b + 9*b - 15 = 0. Suppose 5*z + b*z = 1480. What are the prime factors of z?
5, 37
Let c = 11 + -11. Suppose -5*q + 28 + 127 = c. What are the prime factors of q?
31
List the prime factors of -24 + 23/1 + 1*2179.
2, 3, 11
Let h(z) = 501*z**2 + 6*z + 4. What are the prime factors of h(-1)?
499
Let z = -15 - 91. Let m = z + 169. What are the prime factors of m?
3, 7
Let a(t) be the third derivative of -1/12*t**5 - 5*t**2 + 0*t - 2/3*t**3 + 1/120*t**6 + 1/12*t**4 + 0. List the prime factors of a(5).
2, 3
Suppose 2*n + 7 = -9. Let q = 8 + n. Suppose -3*b + 4*b - 8 = q. List the prime factors of b.
2
Let p = 1284 + -827. What are the prime factors of p?
457
Let w(g) = 13*g + 35. List the prime factors of w(15).
2, 5, 23
Suppose 630 = 10*o - 7*o. Let i = 319 - o. List the prime factors of i.
109
Suppose 0 = 32*q - 125355 - 19093. What are the prime factors of q?
2, 37, 61
Let n be (-8)/(-6) - (15/(-9) + 1). Suppose 0*q = n*p + q - 190, 4*p = -3*q + 382. List the prime factors of p.
2, 47
Let n(t) = 208*t - 6. What are the prime factors of n(3)?
2, 3, 103
Let d = -34 + 6. What are the prime factors of ((-7)/d)/(2/776)?
97
Suppose -21 - 3 = l + 4*h, -3*l - 4*h - 40 = 0. Suppose -2*i = -7*i - 60. List the prime factors of (i/l)/((-3)/(-8)).
2
Suppose n + 12 = -n + 4*j, -4*n + 2*j = 0. Suppose -n*g + 49 = -43. List the prime factors of g.
2, 23
Suppose -3*r - 644 = -i, -11*i + 9*i + 1244 = 5*r. List the prime factors of i.
2, 79
Suppose -2*r - 90 = 2*d - 0*r, 0 = -3*d - r - 125. List the prime factors of -2 - 0/1 - d.
2, 19
Let h = -22 + 26. Suppose -3*y = -5 - h, 2*y = -2*j + 56. List the prime factors of j.
5
Suppose n = 2*n - 7. Suppose 0 = n*p - 43 - 174. List the prime factors of p.
31
Suppose -2*o = -6, -5*o - 7362 = -5*a + 7303. What are the prime factors of a?
2, 367
Suppose -v = -3*r - 8, 3*r - r = v - 6. Suppose -2*n = v*n. Suppose n*b = -b + 36. List the prime factors of b.
2, 3
Suppose -13*t = -4*t + 459. Let s = 193 - t. What are the prime factors of s?
2, 61
Let q(f) = 3*f + 27. Let a be q(-7). Suppose -h = a*h - 371. List the prime factors of h.
53
Let c be (-6)/(-10)*(0 - (-10 - 0)). Suppose s = -2, y - 2*s + 16 = -3*s. Let k = c - y. What are the prime factors of k?
2, 5
Let k = 429 - 198. Let g = -125 + k. What are the prime factors of g?
2, 53
Let o(t) = 396*t - 69. List the prime factors of o(2).
3, 241
Suppose 3*d = -0*d. Suppose 4*t = -d*t + 132. Let a = t + 6. What are the prime factors of a?
3, 13
Let o(a) = -22 + 10 - 6 - 8*a. What are the prime factors of o(-9)?
2, 3
Suppose -21*r + 14052 = -15*r. What are the prime factors of r?
2, 1171
Let c = -2 + 24. Let d = c - 10. What are the prime factors of d?
2, 3
Suppose i + 4*i - 177 = -2*z, 2*z = 4*i + 186. Suppose -153 = -4*r + z. List the prime factors of r.
61
What are the prime factors of (5 + 78/(-10))*(-172 + 2)?
2, 7, 17
Suppose -2*u + 3*x + 1931 = 0, 2*u + 3*x - 1362 = 539. Suppose 0 = 6*g + 202 - u. List the prime factors of g.
2, 3, 7
Let k be ((-48)/36)/(4/(-6)). Suppose -2 = k*p + 2. What are the prime factors of 28 - (-2)/4*p?
3
Suppose 3*g + q = -q - 237, -2*q + 6 = 0. Let x be (g/18)/((-3)/(-4)). List the prime factors of 3/x*2 - -22.
3, 7
Let w be 6/(-30) + 108/15. Let k = 149 + w. What are the prime factors of k?
2, 3, 13
Suppose -72*n + 71*n + 235 = 0. List the prime factors of n.
5, 47
Let u = 116 - -1697. List the prime factors of u.
7, 37
Let y(i) = i**3 + 10*i**2 - 17*i + 35. What are the prime factors of y(-10)?
5, 41
Let u = 938 - 498. List the prime factors of u.
2, 5, 11
Let n(r) be the second derivative of 0 - 5/2*r**2 - 4/3*r**3 + 6*r. List the prime factors of n(-5).
5, 7
Let n(r) = -r**2 + 5 + 18*r - 2 + 7 + 0*r**2. What are the prime factors of n(16)?
2, 3, 7
Suppose 14*p = 17*p - 9. Suppose -4*k + 5*k - p = 0. What are the prime factors of k?
3
Let m = -11 + 11. Let r = m + 16. List the prime factors of r.
2
Let q be 4/(-8*1/(-6)). Suppose 5*x = q*x + 96. What are the prime factors of x?
2, 3
Suppose -16 = -2*j - 2*j. Suppose -j*p + 71 = -49. Let w = -23 + p. List the prime factors of w.
7
Let l(y) = -121*y + 5. Let b be l(-4). Let p be b/9 + 4/6. Suppose 7*c = 2*c + p. What are the prime factors of c?
11
Suppose -165 = -6*o + 4323. What are the prime factors of o?
2, 11, 17
Let m = 1954 + -1156. What are the prime factors of m?
2, 3, 7, 19
Let c be (2 - -1) + 418/2. Suppose -3*j + g + g = -c, 3*j = -5*g + 247. List the prime factors of j.
2, 37
Suppose 166 = -3*g + 25. What are the prime factors of (2 - g/2)/(9/18)?
3, 17
Let q = 51 - 45. Suppose -h - 370 = -5*y - q*h, 5*h - 15 = 0. List the prime factors of y.
71
Let w be -22 + (-3 + 8 - 3). Let p be (-68)/w - (-6)/10. Suppose 0 = p*d - d - 90. What are the prime factors of d?
2, 3, 5
Suppose 633*u = 630*u + 585. What are the prime factors of u?
3, 5, 13
Let m = 21 + -18. Suppose -2*y - m*y + 174 = -2*u, u + 2 = 0. What are the prime factors of y?
2, 17
Let w = -482 - -580. What are the prime factors of w?
2